{"id":294,"date":"2023-01-04T09:46:32","date_gmt":"2023-01-04T12:46:32","guid":{"rendered":"https:\/\/mobilesentrix.com.ar\/?post_type=product&#038;p=294"},"modified":"2023-10-21T23:30:34","modified_gmt":"2023-10-22T02:30:34","slug":"corrector-de-datos-de-estado-de-bateria-para-iphone-11-12-qianli","status":"publish","type":"product","link":"https:\/\/mobilesentrix.com.ar\/index.php\/product\/corrector-de-datos-de-estado-de-bateria-para-iphone-11-12-qianli\/","title":{"rendered":"Corrector de datos de estado de bateria para iphone 11\/12 Qianli"},"content":{"rendered":"<p><span data-sheets-value=\"{&quot;1&quot;:2,&quot;2&quot;:&quot;QianLi COPY POWER Corrector de datos de bater\u00eda para iPhone 11\/11 Pro\/11 Pro Max \/12\/12 Pro \/12 Pro Max Programa de datos de bater\u00eda para reparar lectura y escritura Eliminar error Advertencia de salud.\\nSolucione el problema dif\u00edcil del mensaje de datos del ciclo de la bater\u00eda y el estado de la bater\u00eda no se pudo corregir despu\u00e9s del reemplazo de la celda de la bater\u00eda para las series iPhone 11 y 12 con datos de bater\u00eda encriptados, lo que significa que debe solucionar los problemas con la herramienta de calibraci\u00f3n de la bater\u00eda del iPhone.\\nCorrije el estado de la bater\u00eda y los datos del ciclo.&quot;}\" data-sheets-userformat=\"{&quot;2&quot;:13309,&quot;3&quot;:{&quot;1&quot;:0},&quot;5&quot;:{&quot;1&quot;:[{&quot;1&quot;:2,&quot;2&quot;:0,&quot;5&quot;:{&quot;1&quot;:2,&quot;2&quot;:0}},{&quot;1&quot;:0,&quot;2&quot;:0,&quot;3&quot;:3},{&quot;1&quot;:1,&quot;2&quot;:0,&quot;4&quot;:1}]},&quot;6&quot;:{&quot;1&quot;:[{&quot;1&quot;:2,&quot;2&quot;:0,&quot;5&quot;:{&quot;1&quot;:2,&quot;2&quot;:0}},{&quot;1&quot;:0,&quot;2&quot;:0,&quot;3&quot;:3},{&quot;1&quot;:1,&quot;2&quot;:0,&quot;4&quot;:1}]},&quot;7&quot;:{&quot;1&quot;:[{&quot;1&quot;:2,&quot;2&quot;:0,&quot;5&quot;:{&quot;1&quot;:2,&quot;2&quot;:0}},{&quot;1&quot;:0,&quot;2&quot;:0,&quot;3&quot;:3},{&quot;1&quot;:1,&quot;2&quot;:0,&quot;4&quot;:1}]},&quot;8&quot;:{&quot;1&quot;:[{&quot;1&quot;:2,&quot;2&quot;:0,&quot;5&quot;:{&quot;1&quot;:2,&quot;2&quot;:0}},{&quot;1&quot;:0,&quot;2&quot;:0,&quot;3&quot;:3},{&quot;1&quot;:1,&quot;2&quot;:0,&quot;4&quot;:1}]},&quot;9&quot;:1,&quot;10&quot;:1,&quot;11&quot;:4,&quot;12&quot;:0,&quot;15&quot;:&quot;Montserrat&quot;,&quot;16&quot;:11}\">QianLi COPY POWER Corrector de datos de bater\u00eda para iPhone 11\/11 Pro\/11 Pro Max \/12\/12 Pro \/12 Pro Max Programa de datos de bater\u00eda para reparar lectura y escritura Eliminar error Advertencia de salud.<br \/>\nSolucione el problema dif\u00edcil del mensaje de datos del ciclo de la bater\u00eda y el estado de la bater\u00eda no se pudo corregir despu\u00e9s del reemplazo de la celda de la bater\u00eda para las series iPhone 11 y 12 con datos de bater\u00eda encriptados, lo que significa que debe solucionar los problemas con la herramienta de calibraci\u00f3n de la bater\u00eda del iPhone.<br \/>\nCorrije el estado de la bater\u00eda y los datos del ciclo.<\/span><\/p>\n","protected":false},"excerpt":{"rendered":"<p><span data-sheets-value=\"{&quot;1&quot;:2,&quot;2&quot;:&quot;QianLi COPY POWER Corrector de datos de bater\u00eda para iPhone 11\/11 Pro\/11 Pro Max \/12\/12 Pro \/12 Pro Max Programa de datos de bater\u00eda para reparar lectura y escritura Eliminar error Advertencia de salud.\\nSolucione el problema dif\u00edcil del mensaje de datos del ciclo de la bater\u00eda y el estado de la bater\u00eda no se pudo corregir despu\u00e9s del reemplazo de la celda de la bater\u00eda para las series iPhone 11 y 12 con datos de bater\u00eda encriptados, lo que significa que debe solucionar los problemas con la herramienta de calibraci\u00f3n de la bater\u00eda del iPhone.\\nCorrije el estado de la bater\u00eda y los datos del ciclo.&quot;}\" data-sheets-userformat=\"{&quot;2&quot;:13309,&quot;3&quot;:{&quot;1&quot;:0},&quot;5&quot;:{&quot;1&quot;:[{&quot;1&quot;:2,&quot;2&quot;:0,&quot;5&quot;:{&quot;1&quot;:2,&quot;2&quot;:0}},{&quot;1&quot;:0,&quot;2&quot;:0,&quot;3&quot;:3},{&quot;1&quot;:1,&quot;2&quot;:0,&quot;4&quot;:1}]},&quot;6&quot;:{&quot;1&quot;:[{&quot;1&quot;:2,&quot;2&quot;:0,&quot;5&quot;:{&quot;1&quot;:2,&quot;2&quot;:0}},{&quot;1&quot;:0,&quot;2&quot;:0,&quot;3&quot;:3},{&quot;1&quot;:1,&quot;2&quot;:0,&quot;4&quot;:1}]},&quot;7&quot;:{&quot;1&quot;:[{&quot;1&quot;:2,&quot;2&quot;:0,&quot;5&quot;:{&quot;1&quot;:2,&quot;2&quot;:0}},{&quot;1&quot;:0,&quot;2&quot;:0,&quot;3&quot;:3},{&quot;1&quot;:1,&quot;2&quot;:0,&quot;4&quot;:1}]},&quot;8&quot;:{&quot;1&quot;:[{&quot;1&quot;:2,&quot;2&quot;:0,&quot;5&quot;:{&quot;1&quot;:2,&quot;2&quot;:0}},{&quot;1&quot;:0,&quot;2&quot;:0,&quot;3&quot;:3},{&quot;1&quot;:1,&quot;2&quot;:0,&quot;4&quot;:1}]},&quot;9&quot;:1,&quot;10&quot;:1,&quot;11&quot;:4,&quot;12&quot;:0,&quot;15&quot;:&quot;Montserrat&quot;,&quot;16&quot;:11}\">QianLi COPY POWER Corrector de datos de bater\u00eda para iPhone 11\/11 Pro\/11 Pro Max \/12\/12 Pro \/12 Pro Max Programa de datos de bater\u00eda para reparar lectura y escritura Eliminar error Advertencia de salud.<br \/>\nSolucione el problema dif\u00edcil del mensaje de datos del ciclo de la bater\u00eda y el estado de la bater\u00eda no se pudo corregir despu\u00e9s del reemplazo de la celda de la bater\u00eda para las series iPhone 11 y 12 con datos de bater\u00eda encriptados, lo que significa que debe solucionar los problemas con la herramienta de calibraci\u00f3n de la bater\u00eda del iPhone.<br \/>\nCorrije el estado de la bater\u00eda y los datos del ciclo.<\/span><\/p>\n","protected":false},"featured_media":756,"comment_status":"open","ping_status":"closed","template":"","meta":[],"product_cat":[25],"product_tag":[],"_links":{"self":[{"href":"https:\/\/mobilesentrix.com.ar\/index.php\/wp-json\/wp\/v2\/product\/294"}],"collection":[{"href":"https:\/\/mobilesentrix.com.ar\/index.php\/wp-json\/wp\/v2\/product"}],"about":[{"href":"https:\/\/mobilesentrix.com.ar\/index.php\/wp-json\/wp\/v2\/types\/product"}],"replies":[{"embeddable":true,"href":"https:\/\/mobilesentrix.com.ar\/index.php\/wp-json\/wp\/v2\/comments?post=294"}],"wp:featuredmedia":[{"embeddable":true,"href":"https:\/\/mobilesentrix.com.ar\/index.php\/wp-json\/wp\/v2\/media\/756"}],"wp:attachment":[{"href":"https:\/\/mobilesentrix.com.ar\/index.php\/wp-json\/wp\/v2\/media?parent=294"}],"wp:term":[{"taxonomy":"product_cat","embeddable":true,"href":"https:\/\/mobilesentrix.com.ar\/index.php\/wp-json\/wp\/v2\/product_cat?post=294"},{"taxonomy":"product_tag","embeddable":true,"href":"https:\/\/mobilesentrix.com.ar\/index.php\/wp-json\/wp\/v2\/product_tag?post=294"}],"curies":[{"name":"wp","href":"https:\/\/api.w.org\/{rel}","templated":true}]}}