{"id":287,"date":"2023-01-04T09:34:38","date_gmt":"2023-01-04T12:34:38","guid":{"rendered":"https:\/\/mobilesentrix.com.ar\/?post_type=product&#038;p=287"},"modified":"2023-10-21T23:30:35","modified_gmt":"2023-10-22T02:30:35","slug":"maquina-de-soldadura-por-puntos-portatil-qianli-macaron","status":"publish","type":"product","link":"https:\/\/mobilesentrix.com.ar\/index.php\/product\/maquina-de-soldadura-por-puntos-portatil-qianli-macaron\/","title":{"rendered":"M\u00e1quina de soldadura por puntos port\u00e1til QianLi Macaron"},"content":{"rendered":"<p><span data-sheets-value=\"{&quot;1&quot;:2,&quot;2&quot;:&quot;M\u00e1quina de soldadura por puntos port\u00e1til QianLi Macaron Micro soldadora por puntos.\\r\\nAdmite soldadura por puntos de l\u00e1mina de n\u00edquel de 0,1-0,15 mm durante todo el proceso, ahorre tiempo y esfuerzo si lo tiene.\\r\\nHay 3 accesorios disponibles para las series iPhone 11 y 12, fije la placa de protecci\u00f3n de la bater\u00eda y la bater\u00eda para evitar que se agite durante la soldadura de manera no efectiva.\\r&quot;}\" data-sheets-userformat=\"{&quot;2&quot;:13309,&quot;3&quot;:{&quot;1&quot;:0},&quot;5&quot;:{&quot;1&quot;:[{&quot;1&quot;:2,&quot;2&quot;:0,&quot;5&quot;:{&quot;1&quot;:2,&quot;2&quot;:0}},{&quot;1&quot;:0,&quot;2&quot;:0,&quot;3&quot;:3},{&quot;1&quot;:1,&quot;2&quot;:0,&quot;4&quot;:1}]},&quot;6&quot;:{&quot;1&quot;:[{&quot;1&quot;:2,&quot;2&quot;:0,&quot;5&quot;:{&quot;1&quot;:2,&quot;2&quot;:0}},{&quot;1&quot;:0,&quot;2&quot;:0,&quot;3&quot;:3},{&quot;1&quot;:1,&quot;2&quot;:0,&quot;4&quot;:1}]},&quot;7&quot;:{&quot;1&quot;:[{&quot;1&quot;:2,&quot;2&quot;:0,&quot;5&quot;:{&quot;1&quot;:2,&quot;2&quot;:0}},{&quot;1&quot;:0,&quot;2&quot;:0,&quot;3&quot;:3},{&quot;1&quot;:1,&quot;2&quot;:0,&quot;4&quot;:1}]},&quot;8&quot;:{&quot;1&quot;:[{&quot;1&quot;:2,&quot;2&quot;:0,&quot;5&quot;:{&quot;1&quot;:2,&quot;2&quot;:0}},{&quot;1&quot;:0,&quot;2&quot;:0,&quot;3&quot;:3},{&quot;1&quot;:1,&quot;2&quot;:0,&quot;4&quot;:1}]},&quot;9&quot;:0,&quot;10&quot;:1,&quot;11&quot;:4,&quot;12&quot;:0,&quot;15&quot;:&quot;Montserrat&quot;,&quot;16&quot;:11}\">M\u00e1quina de soldadura por puntos port\u00e1til QianLi Macaron Micro soldadora por puntos.<br \/>\nAdmite soldadura por puntos de l\u00e1mina de n\u00edquel de 0,1-0,15 mm durante todo el proceso, ahorre tiempo y esfuerzo si lo tiene.<br \/>\nHay 3 accesorios disponibles para las series iPhone 11 y 12, fije la placa de protecci\u00f3n de la bater\u00eda y la bater\u00eda para evitar que se agite durante la soldadura de manera no efectiva. <\/span><\/p>\n","protected":false},"excerpt":{"rendered":"<p><span data-sheets-value=\"{&quot;1&quot;:2,&quot;2&quot;:&quot;M\u00e1quina de soldadura por puntos port\u00e1til QianLi Macaron Micro soldadora por puntos.\\r\\nAdmite soldadura por puntos de l\u00e1mina de n\u00edquel de 0,1-0,15 mm durante todo el proceso, ahorre tiempo y esfuerzo si lo tiene.\\r\\nHay 3 accesorios disponibles para las series iPhone 11 y 12, fije la placa de protecci\u00f3n de la bater\u00eda y la bater\u00eda para evitar que se agite durante la soldadura de manera no efectiva.\\r&quot;}\" data-sheets-userformat=\"{&quot;2&quot;:13309,&quot;3&quot;:{&quot;1&quot;:0},&quot;5&quot;:{&quot;1&quot;:[{&quot;1&quot;:2,&quot;2&quot;:0,&quot;5&quot;:{&quot;1&quot;:2,&quot;2&quot;:0}},{&quot;1&quot;:0,&quot;2&quot;:0,&quot;3&quot;:3},{&quot;1&quot;:1,&quot;2&quot;:0,&quot;4&quot;:1}]},&quot;6&quot;:{&quot;1&quot;:[{&quot;1&quot;:2,&quot;2&quot;:0,&quot;5&quot;:{&quot;1&quot;:2,&quot;2&quot;:0}},{&quot;1&quot;:0,&quot;2&quot;:0,&quot;3&quot;:3},{&quot;1&quot;:1,&quot;2&quot;:0,&quot;4&quot;:1}]},&quot;7&quot;:{&quot;1&quot;:[{&quot;1&quot;:2,&quot;2&quot;:0,&quot;5&quot;:{&quot;1&quot;:2,&quot;2&quot;:0}},{&quot;1&quot;:0,&quot;2&quot;:0,&quot;3&quot;:3},{&quot;1&quot;:1,&quot;2&quot;:0,&quot;4&quot;:1}]},&quot;8&quot;:{&quot;1&quot;:[{&quot;1&quot;:2,&quot;2&quot;:0,&quot;5&quot;:{&quot;1&quot;:2,&quot;2&quot;:0}},{&quot;1&quot;:0,&quot;2&quot;:0,&quot;3&quot;:3},{&quot;1&quot;:1,&quot;2&quot;:0,&quot;4&quot;:1}]},&quot;9&quot;:0,&quot;10&quot;:1,&quot;11&quot;:4,&quot;12&quot;:0,&quot;15&quot;:&quot;Montserrat&quot;,&quot;16&quot;:11}\">M\u00e1quina de soldadura por puntos port\u00e1til QianLi Macaron Micro soldadora por puntos.<br \/>\nAdmite soldadura por puntos de l\u00e1mina de n\u00edquel de 0,1-0,15 mm durante todo el proceso, ahorre tiempo y esfuerzo si lo tiene.<br \/>\nHay 3 accesorios disponibles para las series iPhone 11 y 12, fije la placa de protecci\u00f3n de la bater\u00eda y la bater\u00eda para evitar que se agite durante la soldadura de manera no efectiva. <\/span><\/p>\n","protected":false},"featured_media":752,"comment_status":"open","ping_status":"closed","template":"","meta":[],"product_cat":[25],"product_tag":[],"_links":{"self":[{"href":"https:\/\/mobilesentrix.com.ar\/index.php\/wp-json\/wp\/v2\/product\/287"}],"collection":[{"href":"https:\/\/mobilesentrix.com.ar\/index.php\/wp-json\/wp\/v2\/product"}],"about":[{"href":"https:\/\/mobilesentrix.com.ar\/index.php\/wp-json\/wp\/v2\/types\/product"}],"replies":[{"embeddable":true,"href":"https:\/\/mobilesentrix.com.ar\/index.php\/wp-json\/wp\/v2\/comments?post=287"}],"wp:featuredmedia":[{"embeddable":true,"href":"https:\/\/mobilesentrix.com.ar\/index.php\/wp-json\/wp\/v2\/media\/752"}],"wp:attachment":[{"href":"https:\/\/mobilesentrix.com.ar\/index.php\/wp-json\/wp\/v2\/media?parent=287"}],"wp:term":[{"taxonomy":"product_cat","embeddable":true,"href":"https:\/\/mobilesentrix.com.ar\/index.php\/wp-json\/wp\/v2\/product_cat?post=287"},{"taxonomy":"product_tag","embeddable":true,"href":"https:\/\/mobilesentrix.com.ar\/index.php\/wp-json\/wp\/v2\/product_tag?post=287"}],"curies":[{"name":"wp","href":"https:\/\/api.w.org\/{rel}","templated":true}]}}