{"id":271,"date":"2023-01-04T09:23:22","date_gmt":"2023-01-04T12:23:22","guid":{"rendered":"https:\/\/mobilesentrix.com.ar\/?post_type=product&#038;p=271"},"modified":"2023-10-21T23:30:31","modified_gmt":"2023-10-22T02:30:31","slug":"bateria-compatible-con-iphone-13-mini-ampsentrix","status":"publish","type":"product","link":"https:\/\/mobilesentrix.com.ar\/index.php\/product\/bateria-compatible-con-iphone-13-mini-ampsentrix\/","title":{"rendered":"Bater\u00eda compatible con iPhone 13 Mini (AMPSENTRIX)"},"content":{"rendered":"<p><span data-sheets-value=\"{&quot;1&quot;:2,&quot;2&quot;:&quot;Reemplazo de bater\u00eda Ampsentrix de la m\u00e1s alta calidad para iPhone 13 Mini.\\nLas bater\u00edas Ampsentrix son bater\u00edas del mismo tama\u00f1o con m\u00e1s capacidad.\u00a0Esto es posible gracias a las nuevas tecnolog\u00edas centrales.\\nEn comparaci\u00f3n con otras bater\u00edas, esta bater\u00eda Ampsentrix se carga m\u00e1s r\u00e1pido, dura m\u00e1s y tiene una mayor densidad de energ\u00eda para una mayor duraci\u00f3n de la bater\u00eda en un paquete m\u00e1s liviano.\\nNuestras bater\u00edas nuevas no solo cumplen con los est\u00e1ndares de la industria, sino que tambi\u00e9n estamos certificados por est\u00e1ndares oficiales.\\nTodas las bater\u00edas de iPhone vienen con recuento de cero ciclos, chip de indicador de gas TI OEM y adhesivo de bater\u00eda preinstalado.\\nReemplace su bater\u00eda da\u00f1ada o sin cargar con nuestra bater\u00eda de mejor calidad para su iPhone 13 Mini.\\nInstalaci\u00f3n profesional altamente requerida.\\nEs una bater\u00eda de repuesto especialmente dise\u00f1ada para iPhone 13 Mini.\\nCapacidad de 2438 mAh.\\nCompatible con A2628 \/ A2481 \/ A2626 \/ A2629 \/ A2630.&quot;}\" data-sheets-userformat=\"{&quot;2&quot;:13309,&quot;3&quot;:{&quot;1&quot;:0},&quot;5&quot;:{&quot;1&quot;:[{&quot;1&quot;:2,&quot;2&quot;:0,&quot;5&quot;:{&quot;1&quot;:2,&quot;2&quot;:0}},{&quot;1&quot;:0,&quot;2&quot;:0,&quot;3&quot;:3},{&quot;1&quot;:1,&quot;2&quot;:0,&quot;4&quot;:1}]},&quot;6&quot;:{&quot;1&quot;:[{&quot;1&quot;:2,&quot;2&quot;:0,&quot;5&quot;:{&quot;1&quot;:2,&quot;2&quot;:0}},{&quot;1&quot;:0,&quot;2&quot;:0,&quot;3&quot;:3},{&quot;1&quot;:1,&quot;2&quot;:0,&quot;4&quot;:1}]},&quot;7&quot;:{&quot;1&quot;:[{&quot;1&quot;:2,&quot;2&quot;:0,&quot;5&quot;:{&quot;1&quot;:2,&quot;2&quot;:0}},{&quot;1&quot;:0,&quot;2&quot;:0,&quot;3&quot;:3},{&quot;1&quot;:1,&quot;2&quot;:0,&quot;4&quot;:1}]},&quot;8&quot;:{&quot;1&quot;:[{&quot;1&quot;:2,&quot;2&quot;:0,&quot;5&quot;:{&quot;1&quot;:2,&quot;2&quot;:0}},{&quot;1&quot;:0,&quot;2&quot;:0,&quot;3&quot;:3},{&quot;1&quot;:1,&quot;2&quot;:0,&quot;4&quot;:1}]},&quot;9&quot;:0,&quot;10&quot;:1,&quot;11&quot;:4,&quot;12&quot;:0,&quot;15&quot;:&quot;Montserrat&quot;,&quot;16&quot;:11}\" data-sheets-textstyleruns=\"{&quot;1&quot;:0}\uee10{&quot;1&quot;:931,&quot;2&quot;:{&quot;5&quot;:1}}\">Reemplazo de bater\u00eda Ampsentrix de la m\u00e1s alta calidad para iPhone 13 Mini.<br \/>\nLas bater\u00edas Ampsentrix son bater\u00edas del mismo tama\u00f1o con m\u00e1s capacidad.\u00a0Esto es posible gracias a las nuevas tecnolog\u00edas centrales.<br \/>\nEn comparaci\u00f3n con otras bater\u00edas, esta bater\u00eda Ampsentrix se carga m\u00e1s r\u00e1pido, dura m\u00e1s y tiene una mayor densidad de energ\u00eda para una mayor duraci\u00f3n de la bater\u00eda en un paquete m\u00e1s liviano.<br \/>\nNuestras bater\u00edas nuevas no solo cumplen con los est\u00e1ndares de la industria, sino que tambi\u00e9n estamos certificados por est\u00e1ndares oficiales.<br \/>\nTodas las bater\u00edas de iPhone vienen con recuento de cero ciclos, chip de indicador de gas TI OEM y adhesivo de bater\u00eda preinstalado.<br \/>\nReemplace su bater\u00eda da\u00f1ada o sin cargar con nuestra bater\u00eda de mejor calidad para su iPhone 13 Mini.<br \/>\nInstalaci\u00f3n profesional altamente requerida.<br \/>\nEs una bater\u00eda de repuesto especialmente dise\u00f1ada para iPhone 13 Mini.<br \/>\nCapacidad de 2438 mAh.<br \/>\nCompatible con A2628 \/ A2481 \/ A2626 \/ A2629 \/ A2630.<\/span><\/p>\n","protected":false},"excerpt":{"rendered":"<p><span data-sheets-value=\"{&quot;1&quot;:2,&quot;2&quot;:&quot;Reemplazo de bater\u00eda Ampsentrix de la m\u00e1s alta calidad para iPhone 13 Mini.\\nLas bater\u00edas Ampsentrix son bater\u00edas del mismo tama\u00f1o con m\u00e1s capacidad.\u00a0Esto es posible gracias a las nuevas tecnolog\u00edas centrales.\\nEn comparaci\u00f3n con otras bater\u00edas, esta bater\u00eda Ampsentrix se carga m\u00e1s r\u00e1pido, dura m\u00e1s y tiene una mayor densidad de energ\u00eda para una mayor duraci\u00f3n de la bater\u00eda en un paquete m\u00e1s liviano.\\nNuestras bater\u00edas nuevas no solo cumplen con los est\u00e1ndares de la industria, sino que tambi\u00e9n estamos certificados por est\u00e1ndares oficiales.\\nTodas las bater\u00edas de iPhone vienen con recuento de cero ciclos, chip de indicador de gas TI OEM y adhesivo de bater\u00eda preinstalado.\\nReemplace su bater\u00eda da\u00f1ada o sin cargar con nuestra bater\u00eda de mejor calidad para su iPhone 13 Mini.\\nInstalaci\u00f3n profesional altamente requerida.\\nEs una bater\u00eda de repuesto especialmente dise\u00f1ada para iPhone 13 Mini.\\nCapacidad de 2438 mAh.\\nCompatible con A2628 \/ A2481 \/ A2626 \/ A2629 \/ A2630.&quot;}\" data-sheets-userformat=\"{&quot;2&quot;:13309,&quot;3&quot;:{&quot;1&quot;:0},&quot;5&quot;:{&quot;1&quot;:[{&quot;1&quot;:2,&quot;2&quot;:0,&quot;5&quot;:{&quot;1&quot;:2,&quot;2&quot;:0}},{&quot;1&quot;:0,&quot;2&quot;:0,&quot;3&quot;:3},{&quot;1&quot;:1,&quot;2&quot;:0,&quot;4&quot;:1}]},&quot;6&quot;:{&quot;1&quot;:[{&quot;1&quot;:2,&quot;2&quot;:0,&quot;5&quot;:{&quot;1&quot;:2,&quot;2&quot;:0}},{&quot;1&quot;:0,&quot;2&quot;:0,&quot;3&quot;:3},{&quot;1&quot;:1,&quot;2&quot;:0,&quot;4&quot;:1}]},&quot;7&quot;:{&quot;1&quot;:[{&quot;1&quot;:2,&quot;2&quot;:0,&quot;5&quot;:{&quot;1&quot;:2,&quot;2&quot;:0}},{&quot;1&quot;:0,&quot;2&quot;:0,&quot;3&quot;:3},{&quot;1&quot;:1,&quot;2&quot;:0,&quot;4&quot;:1}]},&quot;8&quot;:{&quot;1&quot;:[{&quot;1&quot;:2,&quot;2&quot;:0,&quot;5&quot;:{&quot;1&quot;:2,&quot;2&quot;:0}},{&quot;1&quot;:0,&quot;2&quot;:0,&quot;3&quot;:3},{&quot;1&quot;:1,&quot;2&quot;:0,&quot;4&quot;:1}]},&quot;9&quot;:0,&quot;10&quot;:1,&quot;11&quot;:4,&quot;12&quot;:0,&quot;15&quot;:&quot;Montserrat&quot;,&quot;16&quot;:11}\" data-sheets-textstyleruns=\"{&quot;1&quot;:0}\uee10{&quot;1&quot;:931,&quot;2&quot;:{&quot;5&quot;:1}}\">Reemplazo de bater\u00eda Ampsentrix de la m\u00e1s alta calidad para iPhone 13 Mini.<br \/>\nLas bater\u00edas Ampsentrix son bater\u00edas del mismo tama\u00f1o con m\u00e1s capacidad.\u00a0Esto es posible gracias a las nuevas tecnolog\u00edas centrales.<br \/>\nEn comparaci\u00f3n con otras bater\u00edas, esta bater\u00eda Ampsentrix se carga m\u00e1s r\u00e1pido, dura m\u00e1s y tiene una mayor densidad de energ\u00eda para una mayor duraci\u00f3n de la bater\u00eda en un paquete m\u00e1s liviano.<br \/>\nNuestras bater\u00edas nuevas no solo cumplen con los est\u00e1ndares de la industria, sino que tambi\u00e9n estamos certificados por est\u00e1ndares oficiales.<br \/>\nTodas las bater\u00edas de iPhone vienen con recuento de cero ciclos, chip de indicador de gas TI OEM y adhesivo de bater\u00eda preinstalado.<br \/>\nReemplace su bater\u00eda da\u00f1ada o sin cargar con nuestra bater\u00eda de mejor calidad para su iPhone 13 Mini.<br \/>\nInstalaci\u00f3n profesional altamente requerida.<br \/>\nEs una bater\u00eda de repuesto especialmente dise\u00f1ada para iPhone 13 Mini.<br \/>\nCapacidad de 2438 mAh.<br \/>\nCompatible con A2628 \/ A2481 \/ A2626 \/ A2629 \/ A2630.<\/span><\/p>\n","protected":false},"featured_media":741,"comment_status":"open","ping_status":"closed","template":"","meta":[],"product_cat":[24],"product_tag":[],"_links":{"self":[{"href":"https:\/\/mobilesentrix.com.ar\/index.php\/wp-json\/wp\/v2\/product\/271"}],"collection":[{"href":"https:\/\/mobilesentrix.com.ar\/index.php\/wp-json\/wp\/v2\/product"}],"about":[{"href":"https:\/\/mobilesentrix.com.ar\/index.php\/wp-json\/wp\/v2\/types\/product"}],"replies":[{"embeddable":true,"href":"https:\/\/mobilesentrix.com.ar\/index.php\/wp-json\/wp\/v2\/comments?post=271"}],"wp:featuredmedia":[{"embeddable":true,"href":"https:\/\/mobilesentrix.com.ar\/index.php\/wp-json\/wp\/v2\/media\/741"}],"wp:attachment":[{"href":"https:\/\/mobilesentrix.com.ar\/index.php\/wp-json\/wp\/v2\/media?parent=271"}],"wp:term":[{"taxonomy":"product_cat","embeddable":true,"href":"https:\/\/mobilesentrix.com.ar\/index.php\/wp-json\/wp\/v2\/product_cat?post=271"},{"taxonomy":"product_tag","embeddable":true,"href":"https:\/\/mobilesentrix.com.ar\/index.php\/wp-json\/wp\/v2\/product_tag?post=271"}],"curies":[{"name":"wp","href":"https:\/\/api.w.org\/{rel}","templated":true}]}}