{"id":215,"date":"2023-01-03T11:26:35","date_gmt":"2023-01-03T14:26:35","guid":{"rendered":"https:\/\/mobilesentrix.com.ar\/?post_type=product&#038;p=215"},"modified":"2026-04-07T15:24:38","modified_gmt":"2026-04-07T18:24:38","slug":"bateria-compatible-con-iphone-11-ampsentrix","status":"publish","type":"product","link":"https:\/\/mobilesentrix.com.ar\/index.php\/product\/bateria-compatible-con-iphone-11-ampsentrix\/","title":{"rendered":"Bater\u00eda compatible con iPhone 11 (AMPSENTRIX)"},"content":{"rendered":"<p><span data-sheets-value=\"{&quot;1&quot;:2,&quot;2&quot;:&quot;La mejor calidad, bater\u00eda de repuesto AMPSentrix para iPhone 11.\\nReemplace la bater\u00eda de repuesto da\u00f1ada y que no funciona para iPhone 11 con esta nueva.\\nEn comparaci\u00f3n con otras bater\u00edas, esta bater\u00eda AMPSentrix se carga m\u00e1s r\u00e1pido, dura m\u00e1s y tiene una mayor densidad de energ\u00eda para una mayor duraci\u00f3n de la bater\u00eda en un paquete m\u00e1s liviano.\\nNuestras bater\u00edas nuevas no solo cumplen con los est\u00e1ndares de la industria, sino que tambi\u00e9n estamos certificados por est\u00e1ndares oficiales.\\nTodas las bater\u00edas AMPSentrix vienen con recuento de cero ciclos, chip de indicador de gas TI OEM y adhesivo de bater\u00eda preinstalado.\\nEsta es una bater\u00eda recargable y respetuosa con el medio ambiente.\\nMuy recomendable la instalaci\u00f3n profesional.\\nCapacidad de 3110 mAh.\\nCompatible con A2221 \/ A2111 \/ A2223.&quot;}\" data-sheets-userformat=\"{&quot;2&quot;:13309,&quot;3&quot;:{&quot;1&quot;:0},&quot;5&quot;:{&quot;1&quot;:[{&quot;1&quot;:2,&quot;2&quot;:0,&quot;5&quot;:{&quot;1&quot;:2,&quot;2&quot;:0}},{&quot;1&quot;:0,&quot;2&quot;:0,&quot;3&quot;:3},{&quot;1&quot;:1,&quot;2&quot;:0,&quot;4&quot;:1}]},&quot;6&quot;:{&quot;1&quot;:[{&quot;1&quot;:2,&quot;2&quot;:0,&quot;5&quot;:{&quot;1&quot;:2,&quot;2&quot;:0}},{&quot;1&quot;:0,&quot;2&quot;:0,&quot;3&quot;:3},{&quot;1&quot;:1,&quot;2&quot;:0,&quot;4&quot;:1}]},&quot;7&quot;:{&quot;1&quot;:[{&quot;1&quot;:2,&quot;2&quot;:0,&quot;5&quot;:{&quot;1&quot;:2,&quot;2&quot;:0}},{&quot;1&quot;:0,&quot;2&quot;:0,&quot;3&quot;:3},{&quot;1&quot;:1,&quot;2&quot;:0,&quot;4&quot;:1}]},&quot;8&quot;:{&quot;1&quot;:[{&quot;1&quot;:2,&quot;2&quot;:0,&quot;5&quot;:{&quot;1&quot;:2,&quot;2&quot;:0}},{&quot;1&quot;:0,&quot;2&quot;:0,&quot;3&quot;:3},{&quot;1&quot;:1,&quot;2&quot;:0,&quot;4&quot;:1}]},&quot;9&quot;:0,&quot;10&quot;:1,&quot;11&quot;:4,&quot;12&quot;:0,&quot;15&quot;:&quot;Montserrat&quot;,&quot;16&quot;:11}\" data-sheets-textstyleruns=\"{&quot;1&quot;:0}\uee10{&quot;1&quot;:771,&quot;2&quot;:{&quot;5&quot;:1}}\">La mejor calidad, bater\u00eda de repuesto AMPSentrix para iPhone 11.<br \/>\nReemplace la bater\u00eda de repuesto da\u00f1ada y que no funciona para iPhone 11 con esta nueva.<br \/>\nEn comparaci\u00f3n con otras bater\u00edas, esta bater\u00eda AMPSentrix se carga m\u00e1s r\u00e1pido, dura m\u00e1s y tiene una mayor densidad de energ\u00eda para una mayor duraci\u00f3n de la bater\u00eda en un paquete m\u00e1s liviano.<br \/>\nNuestras bater\u00edas nuevas no solo cumplen con los est\u00e1ndares de la industria, sino que tambi\u00e9n estamos certificados por est\u00e1ndares oficiales.<br \/>\nTodas las bater\u00edas AMPSentrix vienen con recuento de cero ciclos, chip de indicador de gas TI OEM y adhesivo de bater\u00eda preinstalado.<br \/>\nEsta es una bater\u00eda recargable y respetuosa con el medio ambiente.<br \/>\nMuy recomendable la instalaci\u00f3n profesional.<br \/>\nCapacidad de 3110 mAh.<br \/>\nCompatible con A2221 \/ A2111 \/ A2223.<\/span><\/p>\n","protected":false},"excerpt":{"rendered":"<p><span data-sheets-value=\"{&quot;1&quot;:2,&quot;2&quot;:&quot;La mejor calidad, bater\u00eda de repuesto AMPSentrix para iPhone 11.\\nReemplace la bater\u00eda de repuesto da\u00f1ada y que no funciona para iPhone 11 con esta nueva.\\nEn comparaci\u00f3n con otras bater\u00edas, esta bater\u00eda AMPSentrix se carga m\u00e1s r\u00e1pido, dura m\u00e1s y tiene una mayor densidad de energ\u00eda para una mayor duraci\u00f3n de la bater\u00eda en un paquete m\u00e1s liviano.\\nNuestras bater\u00edas nuevas no solo cumplen con los est\u00e1ndares de la industria, sino que tambi\u00e9n estamos certificados por est\u00e1ndares oficiales.\\nTodas las bater\u00edas AMPSentrix vienen con recuento de cero ciclos, chip de indicador de gas TI OEM y adhesivo de bater\u00eda preinstalado.\\nEsta es una bater\u00eda recargable y respetuosa con el medio ambiente.\\nMuy recomendable la instalaci\u00f3n profesional.\\nCapacidad de 3110 mAh.\\nCompatible con A2221 \/ A2111 \/ A2223.&quot;}\" data-sheets-userformat=\"{&quot;2&quot;:13309,&quot;3&quot;:{&quot;1&quot;:0},&quot;5&quot;:{&quot;1&quot;:[{&quot;1&quot;:2,&quot;2&quot;:0,&quot;5&quot;:{&quot;1&quot;:2,&quot;2&quot;:0}},{&quot;1&quot;:0,&quot;2&quot;:0,&quot;3&quot;:3},{&quot;1&quot;:1,&quot;2&quot;:0,&quot;4&quot;:1}]},&quot;6&quot;:{&quot;1&quot;:[{&quot;1&quot;:2,&quot;2&quot;:0,&quot;5&quot;:{&quot;1&quot;:2,&quot;2&quot;:0}},{&quot;1&quot;:0,&quot;2&quot;:0,&quot;3&quot;:3},{&quot;1&quot;:1,&quot;2&quot;:0,&quot;4&quot;:1}]},&quot;7&quot;:{&quot;1&quot;:[{&quot;1&quot;:2,&quot;2&quot;:0,&quot;5&quot;:{&quot;1&quot;:2,&quot;2&quot;:0}},{&quot;1&quot;:0,&quot;2&quot;:0,&quot;3&quot;:3},{&quot;1&quot;:1,&quot;2&quot;:0,&quot;4&quot;:1}]},&quot;8&quot;:{&quot;1&quot;:[{&quot;1&quot;:2,&quot;2&quot;:0,&quot;5&quot;:{&quot;1&quot;:2,&quot;2&quot;:0}},{&quot;1&quot;:0,&quot;2&quot;:0,&quot;3&quot;:3},{&quot;1&quot;:1,&quot;2&quot;:0,&quot;4&quot;:1}]},&quot;9&quot;:0,&quot;10&quot;:1,&quot;11&quot;:4,&quot;12&quot;:0,&quot;15&quot;:&quot;Montserrat&quot;,&quot;16&quot;:11}\" data-sheets-textstyleruns=\"{&quot;1&quot;:0}\uee10{&quot;1&quot;:771,&quot;2&quot;:{&quot;5&quot;:1}}\">La mejor calidad, bater\u00eda de repuesto AMPSentrix para iPhone 11.<br \/>\nReemplace la bater\u00eda de repuesto da\u00f1ada y que no funciona para iPhone 11 con esta nueva.<br \/>\nEn comparaci\u00f3n con otras bater\u00edas, esta bater\u00eda AMPSentrix se carga m\u00e1s r\u00e1pido, dura m\u00e1s y tiene una mayor densidad de energ\u00eda para una mayor duraci\u00f3n de la bater\u00eda en un paquete m\u00e1s liviano.<br \/>\nNuestras bater\u00edas nuevas no solo cumplen con los est\u00e1ndares de la industria, sino que tambi\u00e9n estamos certificados por est\u00e1ndares oficiales.<br \/>\nTodas las bater\u00edas AMPSentrix vienen con recuento de cero ciclos, chip de indicador de gas TI OEM y adhesivo de bater\u00eda preinstalado.<br \/>\nEsta es una bater\u00eda recargable y respetuosa con el medio ambiente.<br \/>\nMuy recomendable la instalaci\u00f3n profesional.<br \/>\nCapacidad de 3110 mAh.<br \/>\nCompatible con A2221 \/ A2111 \/ A2223.<\/span><\/p>\n","protected":false},"featured_media":701,"comment_status":"open","ping_status":"closed","template":"","meta":[],"product_cat":[24],"product_tag":[],"_links":{"self":[{"href":"https:\/\/mobilesentrix.com.ar\/index.php\/wp-json\/wp\/v2\/product\/215"}],"collection":[{"href":"https:\/\/mobilesentrix.com.ar\/index.php\/wp-json\/wp\/v2\/product"}],"about":[{"href":"https:\/\/mobilesentrix.com.ar\/index.php\/wp-json\/wp\/v2\/types\/product"}],"replies":[{"embeddable":true,"href":"https:\/\/mobilesentrix.com.ar\/index.php\/wp-json\/wp\/v2\/comments?post=215"}],"wp:featuredmedia":[{"embeddable":true,"href":"https:\/\/mobilesentrix.com.ar\/index.php\/wp-json\/wp\/v2\/media\/701"}],"wp:attachment":[{"href":"https:\/\/mobilesentrix.com.ar\/index.php\/wp-json\/wp\/v2\/media?parent=215"}],"wp:term":[{"taxonomy":"product_cat","embeddable":true,"href":"https:\/\/mobilesentrix.com.ar\/index.php\/wp-json\/wp\/v2\/product_cat?post=215"},{"taxonomy":"product_tag","embeddable":true,"href":"https:\/\/mobilesentrix.com.ar\/index.php\/wp-json\/wp\/v2\/product_tag?post=215"}],"curies":[{"name":"wp","href":"https:\/\/api.w.org\/{rel}","templated":true}]}}